2708?
2
What is the units digit of 16899?
9
What is the hundreds digit of 1336?
3
What is the tens digit of 775?
7
What is the hundreds digit of 450?
4
What is the ten thousands digit of 11561?
1
What is the tens digit of 163?
6
What is the units digit of 14104?
4
What is the hundreds digit of 123?
1
What is the tens digit of 1319?
1
What is the hundreds digit of 2222?
2
What is the units digit of 1891?
1
What is the tens digit of 27900?
0
What is the units digit of 499?
9
What is the thousands digit of 2922?
2
What is the tens digit of 905?
0
What is the tens digit of 1313?
1
What is the hundreds digit of 19243?
2
What is the hundreds digit of 115880?
8
What is the thousands digit of 11514?
1
What is the units digit of 77655?
5
What is the hundreds digit of 9882?
8
What is the hundreds digit of 5721?
7
What is the hundreds digit of 3523?
5
What is the hundreds digit of 854?
8
What is the hundreds digit of 5798?
7
What is the hundreds digit of 6461?
4
What is the hundreds digit of 4214?
2
What is the tens digit of 71?
7
What is the tens digit of 920?
2
What is the thousands digit of 4664?
4
What is the units digit of 11793?
3
What is the tens digit of 3201?
0
What is the hundreds digit of 11276?
2
What is the tens digit of 7401?
0
What is the units digit of 23537?
7
What is the hundreds digit of 1488?
4
What is the tens digit of 1185?
8
What is the tens digit of 1590?
9
What is the thousands digit of 8884?
8
What is the tens digit of 1184?
8
What is the tens digit of 7121?
2
What is the tens digit of 11867?
6
What is the thousands digit of 1423?
1
What is the tens digit of 34577?
7
What is the hundreds digit of 340?
3
What is the hundreds digit of 432?
4
What is the tens digit of 2879?
7
What is the units digit of 43675?
5
What is the thousands digit of 32610?
2
What is the hundreds digit of 436?
4
What is the thousands digit of 3395?
3
What is the ten thousands digit of 10377?
1
What is the units digit of 623?
3
What is the thousands digit of 20385?
0
What is the thousands digit of 1633?
1
What is the units digit of 28326?
6
What is the thousands digit of 1226?
1
What is the units digit of 637?
7
What is the thousands digit of 2701?
2
What is the hundreds digit of 310?
3
What is the tens digit of 1445?
4
What is the tens digit of 143365?
6
What is the units digit of 3288?
8
What is the tens digit of 567?
6
What is the ten thousands digit of 25850?
2
What is the units digit of 13996?
6
What is the tens digit of 3775?
7
What is the hundreds digit of 16742?
7
What is the units digit of 2978?
8
What is the thousands digit of 19037?
9
What is the tens digit of 19250?
5
What is the thousands digit of 3461?
3
What is the tens digit of 11106?
0
What is the hundreds digit of 275?
2
What is the tens digit of 4922?
2
What is the thousands digit of 1440?
1
What is the hundreds digit of 3324?
3
What is the tens digit of 187?
8
What is the units digit of 110?
0
What is the units digit of 1711?
1
What is the units digit of 777?
7
What is the hundreds digit of 1314?
3
What is the tens digit of 10440?
4
What is the tens digit of 633?
3
What is the ten thousands digit of 27683?
2
What is the tens digit of 3988?
8
What is the units digit of 12121?
1
What is the thousands digit of 82302?
2
What is the hundreds digit of 35604?
6
What is the tens digit of 1785?
8
What is the tens digit of 76174?
7
What is the tens digit of 75?
7
What is the hundreds digit of 164197?
1
What is the hundreds digit of 1319?
3
What is the hundreds digit of 214?
2
What is the hundreds digit of 6921?
9
What is the thousands digit of 1688?
1
What is the hundreds digit of 763?
7
What is the hundreds digit of 1920?
9
What is the units digit of 5854?
4
What is the thousands digit of 1512?
1
What is the thousands digit of 1645?
1
What is the tens digit of 232?
3
What is the hundreds digit of 684?
6
What is the tens digit of 12994?
9
What is the thousands digit of 19870?
9
What is the thousands digit of 1259?
1
What is the tens digit of 3306?
0
What is the hundred thousands digit of 198706?
1
What is the hundreds digit of 2493?
4
What is the hundreds digit of 8595?
5
What is the ten thousands digit of 49945?
4
What is the hundreds digit of 299?
2
What is the tens digit of 207?
0
What is the hundreds digit of 10389?
3
What is the units digit of 7188?
8
What is the units digit of 2904?
4
What is the units digit of 74997?
7
What is the tens digit of 4997?
9
What is the units digit of 79977?
7
What is the hundreds digit of 2048?
0
What is the thousands digit of 1298?
1
What is the units digit of 1033?
3
What is the tens digit of 19197?
9
What is the hundreds digit of 7290?
2
What is the tens digit of 26822?
2
What is the tens digit of 32592?
9
What is the units digit of 120096?
6
What is the hundreds digit of 2746?
7
What is the tens digit of 2631?
3
What is the thousands digit of 8869?
8
What is the units digit of 468?
8
What is the thousands digit of 3738?
3
What is the hundreds digit of 38955?
9
What is the tens digit of 1393?
9
What is the hundreds digit of 289?
2
What is the hundreds digit of 45831?
8
What is the units digit of 531?
1
What is the ten thousands digit of 58785?
5
What is the hundreds digit of 12365?
3
What is the thousands digit of 35001?
5
What is the tens digit of 1111?
1
What is the hundreds digit of 41340?
3
What is the units digit of 12050?
0
What is the units digit of 30091?
1
What is the tens digit of 373?
7
What is the hundreds digit of 4901?
9
What is the thousands digit of 7435?
7
What is the hundreds digit of 7016?
0
What is the thousands digit of 7306?
7
What is the thousands digit of 1865?
1
What is the tens digit of 58453?
5
What is the thousands digit of 8903?
8
What is the tens digit of 930?
3
What is the units digit of 4428?
8
What is the thousands digit of 3732?
3
What is the hundreds digit of 5081?
0
What is the thousands digit of 1748?
1
What is the units digit of 2182?
2
What is the tens digit of 1108?
0
What is the hundreds digit of 4193?
1
What is the thousands digit of 2403?
2
What is the units digit of 488?
8
What is the units digit of 4556?
6
What is the hundreds digit of 7105?
1
What is the hundreds digit of 475?
4
What is the hundreds digit of 1142?
1
What is the units digit of 2666?
6
What is the hundreds digit of 45523?
5
What is the hundreds digit of 67131?
1
What is the tens digit of 1085?
8
What is the hundreds digit of 34472?
4
What is the hundreds digit of 28532?
5
What is the tens digit of 1074?
7
What is the hundreds digit of 66824?
8
What is the tens digit of 1491?
9
What is the units digit of 1941?
1
What is the ten thousands digit of 10877?
1
What is the units digit of 731?
1
What is the tens digit of 557?
5
What is the hundreds digit of 93000?
0
What is the tens digit of 4149?
4
What is the hundreds digit of 1764?
7
What is the units digit of 4988?
8
What is the tens digit of 3844?
4
What is the hundreds digit of 9836?
8
What is the thousands digit of 13283?
3
What is the ten thousands digit of 18701?
1
What is the thousands digit of 1092?
1
What is the units digit of 3207?
7
What is the tens digit of 1401?
0
What is the ten thousands digit of 11099?
1
What is the thousands digit of 2224?
2
What is the units digit of 1747?
7
What is the tens digit of 5284?
8
What is the ten thousands digit of 22642?
2
What is the units digit of 53139?
9
What is the thousands digit of 6029?
6
What is the ten thousands digit of 10058?
1
What is the thousands digit of 5975?
5
What is the hundreds digit of 8258?
2
What is the units digit of 291?
1
What is the units digit of 811?
1
What is the thousands digit of 23932?
3
What is the thousands digit of 38411?
8
What is the hundreds digit of 634?
6
What is the units digit of 376?
6
What is the hundreds digit of 2189?
1
What is the hundreds digit of 1464?
4
What is the hundreds digit of 117765?
7
What is the hundreds digit of 1453?
4
What is the ten thousands digit of 84906?
8
What is the hundreds digit of 24207?
2
What is the ten thousands digit of 11193?
1
What is the units digit of 4140?
0
What is the thousands digit of 32321?
2
What is the units digit of 621?
1
What is the thousands digit of 47901?
7
What is the tens digit of 10?
1
What is the thousands digit of 3008?
3
What is the tens digit of 5262?
6